(-8 - 3 - -64) + -9 + 1 + (-13 - -23)
55
What is the value of 46 + 36 - (0 - (-19 + -5))?
58
What is -11 + 2 + 0 - ((22 - -4) + -118)?
83
Calculate (2827 - 2822) + 0 + 24.
29
What is (5 - (8 - -13)) + (36 - 13) + (0 - 27)?
-20
Calculate 13 - ((42 - 36) + 3 + -1 + -1).
6
Evaluate (83 - 102) + 2 + 23 + 0.
6
Calculate 52 - (55 - 56 - -27).
26
What is the value of 1292 + -1221 + (4 - 103)?
-28
Evaluate (0 - -57) + (17 + (-14 - 16) + 8 - 1).
51
7 + -519 + 519 + (0 - (13 - -1)) + 35
28
Calculate -22 + 1 + -30 + -18 + 6.
-63
What is -60 + -9 + 17 + -21 + 26?
-47
Calculate (9 - 0) + (-7 - (5 + 11) - (1 - 14)).
-1
What is (-295 - -262) + (14 - 2) + 15?
-6
Evaluate -16 + (148 - 103) + -100 + 2.
-69
What is (223 - 230) + (-4 + 7 + 0 - 7)?
-11
Calculate 39 - (-16 + 11) - (-3 - (-15 + 6) - 6).
44
Evaluate 10 + 0 + (-9 + 5 - 6 - -5 - 71).
-66
-11 + (53 - (78 - 27) - (19 + -1))
-27
Evaluate 1833 + -1810 + (-59 - 1).
-37
What is the value of 8 + (-19 - 0) + 849 + -876?
-38
(-201 - -121) + 47 + -57
-90
Calculate 44 + (44 - 98) + 64.
54
What is (14 - 13) + 8 + -1 + -6?
2
What is the value of (-103 - -56 - -107) + -57?
3
What is the value of -20 - (43 + -24) - -22?
-17
-51 - -9 - -85 - 45
-2
5 + 49 + (-414 - -428)
68
16 + (1 - 0) + 309 + -273
53
Calculate -81 + 1 + (-79 - -115) + -12.
-56
Calculate 2 + -6 + 4 + -3 + 5 + -92 + 6.
-84
What is the value of -1 + 1 + 6 + (1 - 11) - (-66 - -70)?
-8
Evaluate -922 + 970 + (-2 - -2) + -1.
47
What is 47 - (30 + -15 - -16)?
16
What is the value of (1 - (-5 - 2) - (13 + -5 + 17)) + 5?
-12
((0 - -1 - 1) + 0 - -1) + (334107 - 334077)
31
-37 + 5 - (-753 + 712)
9
What is the value of (-6 - ((-8 - 3) + (14 - 15))) + -80?
-74
Evaluate 1 - 3 - (148 - 205).
55
What is the value of ((6 - -9) + 8 - 15) + 1 + 2 + 16?
27
Calculate (22 - (-38 - (-19 + -153))) + (-6 - 2).
-120
(-9 - 2) + 33 + -155 + -6
-139
What is 843 + -921 - (-41 - 14)?
-23
Calculate (2 - 6) + -5 - (35 - 27) - (4 + -1).
-20
What is the value of 47 - (196 - 84) - (-3 + 0)?
-62
What is (-25 - -14) + -19 + 6?
-24
(-18 - 5) + 12 + -2 + (0 - 13)
-26
Calculate (-63 - (-11 - -12)) + 8 + 1.
-55
Calculate 1 - (43 - 5 - 42).
5
Calculate -37 + 19 + (17 - 1 - 24).
-26
Calculate (177 - 371) + (-37 - -90).
-141
(-7 - (12 + -63)) + -80
-36
(26 - 2) + (-5 - (26 + -16) - -9)
18
What is the value of -15 + 17 + -12 - -32 - (-4 - (2 - -1))?
29
Calculate 30 - 17 - (12 + -2 + 74).
-71
76 + -88 + 1 - -6
-5
(18 - 2) + 3 - (-9926 + 9824)
121
What is the value of 11 + -17 - (1 - 5) - 3 - (1174 - 1255)?
76
Evaluate -254 + 280 - (-3 - -29).
0
Evaluate -20 - (-20 - (-7 + 8 + -18)).
-17
What is the value of -1 - 64 - (-7 - (-5 + -2) - (-1 - -10))?
-56
What is the value of -5 - (18 - 22) - (-9 - -5 - -3)?
0
What is the value of (33 - 34 - -11) + -22?
-12
Evaluate 18 + (-22 - -31 - 20) - -17.
24
What is the value of -75 + 38 - 70 - -207?
100
(-45 - -39) + 12 + (-5 - 2) + 22
21
-33 + 31 + 35 + 0 - (3 + -12 + 2)
40
-155 - (-28 + -79) - -146
98
Calculate (83 - 153) + (-10 - -60).
-20
What is -3 + (-32 - -14 - (10 - 5 - -7))?
-33
Evaluate -29 - -12 - -20 - 25.
-22
(26 - (-37 + 67) - 8) + 1 + -44 + 1
-54
Evaluate (-40 - -32) + 19 + (20 - 114).
-83
What is the value of -1779 - -1919 - (92 + 2)?
46
Calculate 65 + (28 - (66 + -69)).
96
What is the value of -2 + 13 + (-452 - -365)?
-76
Evaluate -1 - 41 - (8 + -46 + (92 - 66)).
-30
Evaluate (6 - (2 - (15 + 2))) + (34 - (1 + 24)).
30
Calculate (8 + -4 - -33) + (1 - 1) + (-61 - -57).
33
What is the value of 69 - (0 - -60) - (0 + 22)?
-13
Evaluate 3 - (51 - 38) - (-1 + -2 + 4).
-11
Calculate ((18 - 7) + -6 - -7 - 72 - 12) + -9.
-81
0 - (-146 + 2) - (-7037 - -7053)
128
What is the value of 124 - (202 + -60) - -93?
75
What is the value of 0 + -19 + (-117 + -8 - -102)?
-42
Calculate 2 + -33 + (-42 - 26) - (5 - 2).
-102
Evaluate 68 - (83 - (-76 + 108)).
17
What is (-28 - -63) + (1 - 1) - (10 + -29 + 8)?
46
What is the value of (82 - 1) + 494 + -473 + 25?
127
What is 38 - (115 - (60 - 39))?
-56
What is the value of 99 + (34 - 28 - ((-1 + 9 - 7) + -10))?
114
Calculate 42 + (2 - 0) - (32 + -20 - (-14 + 14)).
32
35 + (-19 - -12) + -68 + 57
17
What is the value of 1 + 1 + 1955 + -1927?
30
Calculate 115 + (50 - 154) + (-2 - 0) + -31.
-22
Calculate -68 - (-6 + (34 - (11 + -14 - -23))).
-76
10 + -19 - (-9 - (16 - 9)) - 18
-11
Evaluate -18 + 16 + -15 + 63.
46
What is the value of 78 + (12 - 23) + 10 + 62 + -75?
64
Evaluate (-2 - -39) + (-269 - -247).
15
Calculate (-8 - (-19 - (14 - 46))) + 30.
9
-152 - -2 - (380 - 465)
-65
Calculate -98 + 84 + -118 - -79.
-53
Calculate -10 - (-1 + 8 - (-228 - -243)).
-2
What is -7 - (-25 - -22 - (-5 - -8 - 2))?
-3
What is the value of 75 - (-1 + (21 - 5) - (18 + -19 + 8))?
67
2 - 30 - (1009 + -1048)
11
(-3 - 9) + (-20 - (-19 - -12) - -5)
-20
What is the value of -1 + (-46 - -92) + (0 - (-3 + 14))?
34
-10 + (73 - 11) - (4 + (3 - (-6 - -7)))
46
What is the value of (345 - 370) + (3 - -30) - (2 - 2 - 7)?
15
-74 + 124 + -288 + 152
-86
Calculate 7 + 1 + -12 + 12 + 3 + 33.
44
What is 40 + (16 - 133) - -196?
119
What is 53 + -38 + -109 + 56?
-38
33 + -83 + 85 - 44
-9
What is the value of 28 + -14 + (-1 - (21 - 31))?
23
What is (-44 + -8 + 19 - (2 - -14)) + -12?
-61
Calculate 7 - (-7 + (-12 - -5 - -25)).
-4
What is the value of -14 + 126 + -111 + (-1 - -4)?
4
Calculate 82 + -12 + (-4 - (2 + 4)) + (48 - 36).
72
What is the value of (6 + 12 + 28 - (1 - -1)) + 9?
53
Evaluate -26 + -50 + 22 - -26.
-28
What is the value of 64 + -54 + (49 - 43)?
16
(-29 - (26 + -49)) + (-1 - 4) + 4 + 35
28
What is 31 + -49 + -109 + 68?
-59
0 - (-2 + 3) - (-39 - (-93 - -45))
-10
What is the value of (1 - 28 - 2) + 2 + 95 + -102?
-34
What is 10 + 68 + -12 + 13 + -1 + -9 - 14?
55
(11 - (21 - -55)) + (-1 - 11) + 12
-65
Calculate (17 - -2) + -234 + 164.
-51
Evaluate ((5 - 6) + -6 - 8) + 11 + -7 - -12.
1
Calculate 24 - (-11 + -5 + 13 + -17 + 11).
33
What is 30 + (-48 - 11) + (0 - 23)?
-52
What is 744 + -760 - ((-99 - -1) + 28 + -22)?
76
What is the value of -13 + (-21 - (48 - 66))?
-16
What is the value of (2 - 4) + -11 + (-154 - -152) - 11?
-26
What is the value of -1498 + 1484 - (0 + 6 - 44)?
24
What is the value of -43 + (-13 - -44 - 4)?
-16
What is the value of (-8 - 1) + 7 + (21 - 23)?
-4
What is the value of (-2 - (-2 + 1)) + 4 + 29 + -107 + 139?
64
70 + -148 - (-1 - 86)
9
What is -2 + -39 + (-15 + 55 - 17)?
-18
Evaluate -54 + 13 + 7 + -8.
-42
Evaluate -3 - (-47 - (113 - 127 - (-14 - 1))).
45
Evaluate -1 + -1 + 30 + (30 - 72) + -10.
-24
Evaluate 59 + (0 + -1 + -7 - (-11129 + 11126)).
54
What is the value of (-16 - -5) + 19 + -268 + 152?
-108
Evaluate (8 - 3) + -30 + 26 + 14.
15
What is -29 - (1 - 2) - (442 - (818 - 356))?
-8
What is (-37 - (0 + -6)) + 6 + (-8 - -2)?
-31
Evaluate (-35 - -43) + (-21 - 9).
-22
Calculate -21 + 40 + -25 + 1 + -33.
-38
What is the value of -145 - (-15 - (11 + (27 - 21) + -20))?
-133
-1 + -4 + 7 + 9 + (133 - 117)
27
Evaluate 23 + (15 - (4 - -50)) + 10 + 129.
123
What is 68 + -37 + (-4 - -38)?
65
What is the value of (-4 - -11 - 17) + -11 - -61?
40
What is the value of 127 - (73 + -18 + -16)?
88
What is the value of 7 + (0 + -5 - (-5 + 4)) + -48 + 7?
-38
What is the value of (2 - -4) + (-9 - ((-13 - (-28 + 6)) + -11))?
-1
-82 + (-6 + 0 - -5 - (-198 + 188))
-73
Evaluate -17 + (-52 + 45 - ((-2 - -4) + -16)).
-10
What is the value of -2 + (-3 - -9) + -5 + -10 + (-16 - -1)?
-26
What is -2 - (-60 - ((-24 - -11) + 20))?
65
(14 - (35 + 5)) + 53 + -99
-72
What is 4 + -1 + (-4 - ((-3 - -5) + -6 - -39))?
-36
18 - 28 - ((-7 - 3 - -4) + 0 + 12)
-16
Calculate 51 - (70 - (-53 + 137)).
65
Calculate (-57 - -8) + (-59 - -156).
48
Evaluate -34 + (-14 - (-5 - 25 - 1)).
-17
Evaluate (9 + -12 - (25 + -47 - -93)) + 21.
-53
Evaluate 247 + -228 + (3 - (-3 - -65)).
-40
What is (-6 - -22) + (94 - 101)?
9
What is -15 + 2 + 106 - ((1 + 5 - 10) + 12)?
85
Calculate (0 - 1) + -4 + (-33 - -23) - 4.
-19
Evaluate 11 + -83 + (-27 + 26 - (2 + -2)) + -7.
-80
Evaluate 11 + (50 - (38 + 4)).
19
Calculate 23 - 39 - 40 - (4 - 14).
-46
Evaluate (49 - 39 - -49) + -37.
22
Evaluate -5 - (42 - (69 - 41)).
-19
Evaluate 44 - (48 + -96 + 148).
-56
-541 + 515 + (1 - (-2 + 9))
-32
Evaluate 71 + (-2192 - -2196 - (4 + -4 + (6 - 0))).
69
106 + 0 + (-3 - 1) - (6536 + -6556)
122
Evaluate 17 + 0 - 